is the remainder when 346 is divided by 146?
54
What is the remainder when 154 is divided by 42?
28
Calculate the remainder when 74 is divided by 40.
34
Calculate the remainder when 7791 is divided by 4.
3
Calculate the remainder when 961 is divided by 399.
163
Calculate the remainder when 1323 is divided by 16.
11
What is the remainder when 417 is divided by 38?
37
Calculate the remainder when 31 is divided by 17.
14
What is the remainder when 6911 is divided by 52?
47
Calculate the remainder when 27 is divided by 12.
3
What is the remainder when 129 is divided by 32?
1
What is the remainder when 492 is divided by 185?
122
Calculate the remainder when 375 is divided by 24.
15
Calculate the remainder when 593 is divided by 75.
68
Calculate the remainder when 13103 is divided by 168.
167
Calculate the remainder when 56 is divided by 8.
0
What is the remainder when 3010 is divided by 22?
18
What is the remainder when 303 is divided by 63?
51
What is the remainder when 51 is divided by 5?
1
Calculate the remainder when 417 is divided by 82.
7
What is the remainder when 447 is divided by 85?
22
What is the remainder when 71 is divided by 43?
28
What is the remainder when 39 is divided by 21?
18
Calculate the remainder when 3943 is divided by 439.
431
What is the remainder when 579 is divided by 13?
7
Calculate the remainder when 1542 is divided by 210.
72
What is the remainder when 437 is divided by 21?
17
Calculate the remainder when 11 is divided by 2.
1
Calculate the remainder when 3524 is divided by 36.
32
Calculate the remainder when 218 is divided by 21.
8
What is the remainder when 191 is divided by 20?
11
What is the remainder when 3179 is divided by 355?
339
What is the remainder when 379 is divided by 21?
1
What is the remainder when 476 is divided by 69?
62
What is the remainder when 571 is divided by 10?
1
Calculate the remainder when 417 is divided by 38.
37
What is the remainder when 818 is divided by 348?
122
Calculate the remainder when 180 is divided by 7.
5
Calculate the remainder when 82 is divided by 14.
12
What is the remainder when 11175 is divided by 27?
24
What is the remainder when 1103 is divided by 64?
15
Calculate the remainder when 601 is divided by 47.
37
Calculate the remainder when 5096 is divided by 19.
4
What is the remainder when 250 is divided by 76?
22
Calculate the remainder when 2885 is divided by 74.
73
What is the remainder when 640 is divided by 78?
16
Calculate the remainder when 418 is divided by 28.
26
What is the remainder when 138 is divided by 20?
18
What is the remainder when 2290 is divided by 229?
0
Calculate the remainder when 307 is divided by 4.
3
What is the remainder when 2654 is divided by 41?
30
What is the remainder when 102 is divided by 16?
6
Calculate the remainder when 2758 is divided by 30.
28
What is the remainder when 477 is divided by 24?
21
Calculate the remainder when 77 is divided by 40.
37
What is the remainder when 151 is divided by 17?
15
What is the remainder when 936 is divided by 5?
1
Calculate the remainder when 808 is divided by 161.
3
Calculate the remainder when 218 is divided by 69.
11
Calculate the remainder when 608 is divided by 14.
6
Calculate the remainder when 8 is divided by 8.
0
What is the remainder when 307 is divided by 122?
63
Calculate the remainder when 463 is divided by 53.
39
Calculate the remainder when 391 is divided by 211.
180
What is the remainder when 4027 is divided by 18?
13
What is the remainder when 1467 is divided by 243?
9
Calculate the remainder when 120 is divided by 9.
3
Calculate the remainder when 176 is divided by 45.
41
Calculate the remainder when 13333 is divided by 35.
33
Calculate the remainder when 92 is divided by 39.
14
What is the remainder when 4694 is divided by 61?
58
Calculate the remainder when 510 is divided by 103.
98
Calculate the remainder when 1957 is divided by 11.
10
Calculate the remainder when 337 is divided by 9.
4
Calculate the remainder when 368 is divided by 54.
44
What is the remainder when 94 is divided by 41?
12
Calculate the remainder when 18922 is divided by 127.
126
What is the remainder when 283 is divided by 82?
37
Calculate the remainder when 613 is divided by 143.
41
What is the remainder when 7 is divided by 4?
3
Calculate the remainder when 3783 is divided by 58.
13
Calculate the remainder when 2474 is divided by 45.
44
What is the remainder when 127 is divided by 43?
41
Calculate the remainder when 360 is divided by 129.
102
What is the remainder when 273 is divided by 95?
83
What is the remainder when 308 is divided by 125?
58
What is the remainder when 258 is divided by 122?
14
Calculate the remainder when 1570 is divided by 472.
154
Calculate the remainder when 647 is divided by 275.
97
What is the remainder when 651 is divided by 267?
117
What is the remainder when 253 is divided by 32?
29
What is the remainder when 239 is divided by 25?
14
Calculate the remainder when 327 is divided by 57.
42
Calculate the remainder when 224 is divided by 42.
14
Calculate the remainder when 77 is divided by 9.
5
What is the remainder when 267 is divided by 8?
3
Calculate the remainder when 1580 is divided by 198.
194
What is the remainder when 592 is divided by 148?
0
Calculate the remainder when 558 is divided by 153.
99
Calculate the remainder when 103 is divided by 38.
27
Calculate the remainder when 92 is divided by 24.
20
What is the remainder when 1301 is divided by 106?
29
What is the remainder when 2109 is divided by 24?
21
Calculate the remainder when 39 is divided by 7.
4
What is the remainder when 131 is divided by 53?
25
Calculate the remainder when 81 is divided by 28.
25
Calculate the remainder when 620 is divided by 13.
9
Calculate the remainder when 1055 is divided by 20.
15
Calculate the remainder when 500 is divided by 22.
16
What is the remainder when 118 is divided by 36?
10
What is the remainder when 68 is divided by 20?
8
Calculate the remainder when 5877 is divided by 28.
25
What is the remainder when 322 is divided by 5?
2
What is the remainder when 1535 is divided by 67?
61
What is the remainder when 193 is divided by 104?
89
Calculate the remainder when 3223 is divided by 24.
7
What is the remainder when 27 is divided by 13?
1
What is the remainder when 130 is divided by 72?
58
Calculate the remainder when 40 is divided by 17.
6
What is the remainder when 259 is divided by 22?
17
What is the remainder when 2641 is divided by 26?
15
What is the remainder when 15 is divided by 6?
3
What is the remainder when 1279 is divided by 415?
34
Calculate the remainder when 1167 is divided by 8.
7
Calculate the remainder when 2242 is divided by 187.
185
What is the remainder when 388 is divided by 23?
20
Calculate the remainder when 1308 is divided by 41.
37
What is the remainder when 221 is divided by 73?
2
What is the remainder when 221 is divided by 45?
41
What is the remainder when 83 is divided by 21?
20
What is the remainder when 10461 is divided by 8?
5
Calculate the remainder when 2037 is divided by 17.
14
Calculate the remainder when 257 is divided by 8.
1
What is the remainder when 2745 is divided by 10?
5
What is the remainder when 1926 is divided by 1922?
4
Calculate the remainder when 510 is divided by 19.
16
Calculate the remainder when 17509 is divided by 34.
33
What is the remainder when 170 is divided by 62?
46
Calculate the remainder when 9815 is divided by 1226.
7
Calculate the remainder when 1319 is divided by 30.
29
What is the remainder when 1165 is divided by 22?
21
What is the remainder when 379 is divided by 81?
55
Calculate the remainder when 1154 is divided by 26.
10
Calculate the remainder when 11536 is divided by 3844.
4
Calculate the remainder when 254 is divided by 107.
40
Calculate the remainder when 214 is divided by 10.
4
Calculate the remainder when 2904 is divided by 153.
150
What is the remainder when 1424 is divided by 43?
5
Calculate the remainder when 4028 is divided by 130.
128
Calculate the remainder when 288 is divided by 17.
16
Calculate the remainder when 162 is divided by 51.
9
What is the remainder when 464 is divided by 15?
14
Calculate the remainder when 765 is divided by 380.
5
What is the remainder when 117 is divided by 30?
27
What is the